9. Let k be 4/18 + 43/9. Suppose -6*p = -k*p - 3. Give d(p).
0
Let s(r) be the first derivative of -8*r - 1/4*r**4 + 4*r**3 - 122 + 1/2*r**2. Calculate s(12).
4
Let s = -15344 - -15348. Let u(r) = -32*r + 128. What is u(s)?
0
Let p(o) be the third derivative of -o**6/120 - o**5/20 + 13*o**4/24 + 19*o**3/3 - 12*o**2 - 173*o. Calculate p(-4).
2
Suppose 3*l + 23 = 257. Suppose 8*s - l = -5*s. Let k(m) = m + 3. Give k(s).
9
Let n(r) = 15*r**2 + r. Let w(l) = 9*l - 458. Let y be 2/4 + (-4444)/(-88). Let i be w(y). Determine n(i).
16
Let s(z) be the third derivative of 5*z**4/24 - 17*z**3/6 + 182*z**2 + 1. What is s(2)?
-7
Suppose -12061*n + 738 = -12079*n. Let w(m) = m**2 + 38*m - 113. Calculate w(n).
10
Let u(h) = 705*h - 8 + 8 + 15 - 706*h. What is u(9)?
6
Let y(o) = -4*o + 2*o - 734924 - 118*o**2 + 734924. Calculate y(1).
-120
Let n(o) = o**2 + 7*o + 1. Suppose 5*v + 42*z = 44*z + 11, -3*v = 4*z - 17. What is n(v)?
31
Let j(y) = y. Let q(i) = i**2 + 12*i - 72. Let f be q(-17). Suppose -14*v = -f*v - 6. Determine j(v).
6
Let b(s) be the second derivative of s**5/20 - 23*s**4/12 + 23*s**3/6 - 14*s**2 + 944*s. Calculate b(22).
-6
Let b(z) = -14 + 14*z - 28*z + 7 + 15*z + 15. What is b(-9)?
-1
Let x(t) = -2*t**3 - 49*t**2 - 225*t - 15. Let n be x(-6). Let q(i) be the third derivative of 1/6*i**4 + 0 + 25*i**2 - 1/2*i**n + 0*i - 1/20*i**5. Give q(2).
-7
Let k = -21661 + 21663. Let h(w) = -6 + 4 - 4*w**2 + 2*w**3 + 2 - 2 + 3*w. Calculate h(k).
4
Let s(f) be the second derivative of f**4/12 + 16*f**3/3 + 7*f**2/2 + 757*f. Give s(-32).
7
Suppose 0 = 91*d - 49 - 588. Let m(h) = h**3 - 4*h**2 - 9*h + 5. Calculate m(d).
89
Let r(v) be the first derivative of v**5/60 + v**4/6 - v**3/2 - 85*v**2/2 - 121. Let n(h) be the second derivative of r(h). What is n(-5)?
2
Let y(g) be the first derivative of g**7/840 + g**6/72 + g**5/20 + g**4/12 - 106*g**3/3 - 64. Let h(i) be the third derivative of y(i). Calculate h(-4).
-6
Let v(s) = 90*s**2 - 6*s + 4. Let a(f) = 14*f**2 - f + 1. Let l(c) = 7*a(c) - v(c). Determine l(-2).
37
Let o(j) be the third derivative of -j**5/60 + 17*j**4/8 - 160*j**3/3 - 7459*j**2. What is o(7)?
-12
Let g(n) = 4*n**3 + n - 1. Suppose 14*q - 519 + 2325 = 0. Let m = -128 - q. Let p be -5 + 3 + m - -2. Calculate g(p).
4
Let t(c) = 2*c - c**2 - 439 - 17*c + 400. Calculate t(-11).
5
Let p(c) = -5*c**2 + 30*c - 15. Let t(q) = 19*q**2 - 114*q + 61. Let g(u) = -11*p(u) - 3*t(u). Calculate g(5).
-8
Let t(k) = k**2. Let j = 513 + -518. Let q(g) = -6*g**2 + 2*g + 2. Let s(y) = j*t(y) - q(y). What is s(2)?
-2
Let f(h) = h**2 - 64*h - 421. Let n be f(-6). Let z(o) = -2*o - 2 + 3*o + 2*o. Calculate z(n).
-5
Let d be 2 - (-4 - (-3)/(-1)). Let u(j) = j**3 - 3*j**2 + d*j + 0*j**2 - 2*j**2 + 15*j**2 - 2. What is u(-9)?
-2
Suppose 2*y = 2, 0*p + 4*p - 2*y = 6. Let z be (1 - p)/((-22)/3 - -7). Let g(c) = -41*c**3 - 48*c**z - 2 + 91*c**3 + 4*c**2 + c. Give g(-2).
-4
Let u be 27/(-18)*8/(-2). Suppose -a = -u*a - 30. Let q(z) be the third derivative of -z**4/8 - 2*z**3/3 + 92*z**2 - 1. What is q(a)?
14
Let y(u) = -32*u + 1 - 2*u**2 + 3 + 3*u + u**3 + 33*u + u**2. Give y(-3).
-44
Let c(j) = -j**3 - 27*j**2 - 97*j - 609. Let s be c(-24). Let d(v) be the third derivative of -v**6/120 - v**5/6 - 5*v**4/12 + v**3/3 - v**2. Calculate d(s).
11
Suppose 39 - 49 = -10*z. Let k(d) = 2*d + 1. Let a(p) = -p**2 - 10*p - 5. Let q(u) = z*a(u) + 6*k(u). Determine q(3).
-2
Let h(b) = -19*b + 8. Suppose 47*j - 131*j + 60*j - 48 = 0. What is h(j)?
46
Let h(z) be the third derivative of z**5/60 + 7*z**4/24 + 7*z**3/6 + 15*z**2. Let v be (-3)/5*(-15 + 5 + 15). Determine h(v).
-5
Let x be (4/15)/(86/645). Let k(h) = 9*h - 2*h**2 - 3*h**x + 0*h**2 + 6*h**2. Suppose 0*o - 3*o - m - 25 = 0, 5*m - 10 = 0. Determine k(o).
0
Let a(g) be the first derivative of g**4/4 - 3*g**3 + 5*g**2 - 2*g - 780. Calculate a(8).
14
Suppose -2*q = 3*z + 120, 885*q = -3*z + 890*q - 78. Let m(x) = -5*x - 140. Determine m(z).
40
Let u(w) = -w**3 - 2*w**2 - 2*w. Suppose 587*z = 582*z + 2080. Suppose b + 419 - z = 0. What is u(b)?
15
Let d(i) be the first derivative of 4*i**2 - 1/3*i**3 - 2*i - 27. What is d(8)?
-2
Let l(q) = -q**2 - 4*q. Let f(n) = -2*n + 25. Let y be f(11). Suppose 7*u + 4*c - 152 = y*u, 3*u - 2*c - 124 = 0. Let h = -42 + u. Give l(h).
4
Let g be (12/(-6) - -5)*4. Let y(r) = 3*r - 6 - 2*r - g + 24. Calculate y(-6).
0
Let u(p) be the second derivative of -181*p**3/6 + 1985*p**2/2 - 20*p + 93. Give u(11).
-6
Let n(i) = -i**2 - 11*i + 9. Let w be n(-12). Let y be (w/9*-33)/1. Let p(k) = -k**2 + 1 - 5*k - 3*k + y*k + 0*k. Calculate p(5).
-9
Let a be ((-155)/15)/((-4)/12). Let x(n) = a - 21 - 35 - 13 - 4*n. What is x(-11)?
6
Let i(h) = -h**2 + h - 5. Let g(x) = 8*x**2 + 44*x + 36. Let p(k) = g(k) + 4*i(k). What is p(-12)?
16
Let b(p) = -p + 14. Let n be b(-8). Suppose 5*f = -12 + n. Let k(t) = -2*t. Calculate k(f).
-4
Let m(v) be the first derivative of -v**4/4 - 2*v**3/3 + 5*v**2/2 + 2*v - 16. Suppose 0 = 3*g + 9, -170*g + 9 = u - 174*g. Determine m(u).
-4
Let u(y) = -163*y - 2445. Let i be u(-15). Let q(l) = -13*l**2 - 4*l + 13. Let g(a) = 3*a**2 + a - 3. Let t(p) = -9*g(p) - 2*q(p). Calculate t(i).
1
Let c(t) = -112*t - 108. Let h be c(-1). Let f(r) = -r**3 + 5*r**2 - 5*r + 3. Give f(h).
-1
Let g(f) = f - 18. Let d be ((-40)/(-16))/((-10)/(-56)). Calculate g(d).
-4
Suppose -r + 106 = 5*m - 0*r, -2*m + 43 = r. Let w(p) = m*p - 12*p - 7*p + 2. Determine w(-6).
-10
Suppose -7*r - 19 = 16. Let o(n) = -125*n**2 - n - n**3 - 1 + 120*n**2 - 3. Give o(r).
1
Let c(q) be the third derivative of 0*q - 1/60*q**5 - 2/3*q**3 + 0 - 24*q**2 + 7/24*q**4. Let b be ((-22)/(-88))/(2/(-8)) + 6. Determine c(b).
6
Let f(l) be the third derivative of l**4/24 - l**3/2 + 37*l**2 - 28*l + 1. Suppose -2*i - 48 = -6*i. Calculate f(i).
9
Let t = -3 + 5. Suppose -2 = -w + t. Let h(f) = -2*f - 390*f**3 + 389*f**3 - 4*f + 6*f**2 + w - f. What is h(4)?
8
Let y be (624/(-117))/((-6)/9). Let o(f) = f**2 - 5*f - 11. Give o(y).
13
Let i(g) = 16*g - 6. Let h(n) = 5*n - 2. Let y(x) = -7*h(x) + 2*i(x). Let u = 87 - 63. Suppose u*d - 17*d - 21 = 0. Calculate y(d).
-7
Let g(b) = b + 2. Let s(f) = -f - 1. Let x(t) = -3*g(t) - 4*s(t). Suppose 5 = -2*c + d, 1207*c - 1206*c = 5*d - 43. Calculate x(c).
0
Let n(y) be the second derivative of -y**5/20 + 2*y**4/3 + 2*y**2 + 1159*y. Give n(7).
53
Let y(k) = -k**3 + k. Suppose -q - 4 = 0, 2*f - 648 = 6*f + 4*q. Let d = 159 + f. Calculate y(d).
0
Let d(q) be the second derivative of -2*q - 2/3*q**4 - 1/6*q**3 - 1/2*q**2 - 39 - 1/20*q**5. Calculate d(-8).
7
Let g(w) = w**2 - 20*w - 140. Let j be (44/(-8) - (11 - 17))/((-1)/10). Calculate g(j).
-15
Suppose -19*d = -10*d - 999. Let k = 112 - d. Let b(g) be the first derivative of 12*g**2 - g + 1. Determine b(k).
23
Let t(o) = o - 1. Let r = -76 - -92. Suppose -r = -84*q + 76*q. Calculate t(q).
1
Let v(w) be the second derivative of -w**4/12 + 2*w**3/3 - w**2 - w. Suppose 0 = -2*f + 2*u, -22 - 3 = -5*u. Calculate v(f).
-7
Let w(m) = -m**3 - 9*m**2 + 11*m + 5. Let p = 211 - 203. Let s be 21/(-14)*-5*p/(-6). Determine w(s).
-5
Let g be ((-2)/(-15) - (-61019)/(-105))*-1. Let u = g + -577. Let k(x) = -15*x + 9. Let v(q) = -8*q + 5. Let d(a) = -3*k(a) + 5*v(a). Determine d(u).
18
Suppose 2*b - 49 = -j + 9, b = -4*j + 204. Suppose -10*w + j + 30 = 0. Let k be (-1)/(-2)*(w - 2). Let l(i) = i**2 - i - 2. Determine l(k).
4
Suppose -3*k = -13 - 5. Suppose 0 = -k*o + 11*o. Let v(y) be the first derivative of -y**4/4 + y**3/3 + 2*y - 96. What is v(o)?
2
Suppose 110*g - 114*g = 28. Let j = g + -4. Let b = 17 + j. Let p(s) = -s + 9. What is p(b)?
3
Let b(g) = 5*g - 16. Let a(z) = -14*z + 33. Let l(v) = 2*a(v) + 5*b(v). Give l(11).
-47
Let h(c) = -c**3 - 12*c**2 + 9*c - 44. Suppose 85*a + 414 + 691 = 0. Calculate h(a).
8
Let x(u) = 4*u - 6. Suppose 40 = -0*v + 20*v. Suppose -2*i - m = v*m + 10, 0 = -4*m. Calculate x(i).
-26
Let f(b) = -b - 4*b - 4*b + 32370*b**2 - 24 - 2*b - 32360*b**2. Calculate f(-2).
38
Suppose -48 + 12 = 4*z. Let p(k) be the second derivative of k**5/20 + 5*k**4/6 + k**3 - 5*k**2 + 8552*k. Give p(z).
17
Let n(v) = -9*v - 35. Let m = -3996 + 3989. Determine n(m).
28
Let q(m) = m - 6. Let w be (-10)/(-6) - 10/(-30). Let j = 338 + -330. Suppose 